{"id":396,"date":"2024-09-09T07:21:29","date_gmt":"2024-09-09T07:21:29","guid":{"rendered":"http:\/\/www.saza.si\/?page_id=396"},"modified":"2024-11-27T13:05:49","modified_gmt":"2024-11-27T13:05:49","slug":"klimatske-naprave","status":"publish","type":"page","link":"https:\/\/www.saza.si\/index.php\/klimatske-naprave\/","title":{"rendered":"Klimatske naprave"},"content":{"rendered":"\n<div style=\"height:17px\" aria-hidden=\"true\" class=\"wp-block-spacer\"><\/div>\n\n\n\n<p class=\"has-background-alt-color has-light-shade-background-color has-text-color has-background has-link-color wp-elements-c1883c3f7ed53cb330556ec470eb9764\">Klimatske naprave so postale nepogre\u0161ljiv del sodobnega doma in delovnega okolja. Poleg tega, da poskrbijo za prijetno temperaturo v vro\u010dih mesecih, pomagajo tudi pri izbolj\u0161anju kakovosti zraka v zaprtih prostorih.<\/p>\n\n\n\n<div style=\"height:18px\" aria-hidden=\"true\" class=\"wp-block-spacer\"><\/div>\n\n\n\n<div class=\"wp-block-columns is-layout-flex wp-container-core-columns-is-layout-1 wp-block-columns-is-layout-flex\">\n<div class=\"wp-block-column is-layout-flow wp-block-column-is-layout-flow\">\n<div class=\"wp-block-media-text is-stacked-on-mobile has-light-shade-background-color has-background\"><figure class=\"wp-block-media-text__media\"><img loading=\"lazy\" decoding=\"async\" width=\"845\" height=\"684\" src=\"https:\/\/www.saza.si\/wp-content\/uploads\/2024\/09\/2019dualcool-1600x800-2-845x684-1.jpg\" alt=\"\" class=\"wp-image-401 size-full\" srcset=\"https:\/\/www.saza.si\/wp-content\/uploads\/2024\/09\/2019dualcool-1600x800-2-845x684-1.jpg 845w, https:\/\/www.saza.si\/wp-content\/uploads\/2024\/09\/2019dualcool-1600x800-2-845x684-1-300x243.jpg 300w, https:\/\/www.saza.si\/wp-content\/uploads\/2024\/09\/2019dualcool-1600x800-2-845x684-1-768x622.jpg 768w\" sizes=\"auto, (max-width: 845px) 100vw, 845px\" \/><\/figure><div class=\"wp-block-media-text__content\">\n<h4 class=\"wp-block-heading has-pale-cyan-blue-color has-text-color has-link-color wp-elements-3433f7eae39bad08ef36eba538685c2d\">Prednosti klimatskih naprav:<\/h4>\n\n\n\n<div style=\"height:10px\" aria-hidden=\"true\" class=\"wp-block-spacer\"><\/div>\n\n\n\n<p><strong>Tiho delovanje<\/strong>: Sodobne naprave so zasnovane za \u010dim ti\u0161je delovanje, kar omogo\u010da neprekinjeno udobje brez mote\u010dega hrupa.<\/p>\n\n\n\n<p><\/p>\n\n\n\n<p><strong>Udobje skozi celo leto<\/strong>: Sodobne klimatske naprave ne omogo\u010dajo le hlajenja, ampak tudi ogrevanje, kar vam zagotavlja prijetno temperaturo skozi vse letne \u010dase.<\/p>\n\n\n\n<p><\/p>\n\n\n\n<p><strong>Zdravje in \u010disto\u010da zraka<\/strong>: Klimatske naprave filtrirajo zrak in odstranjujejo pra\u0161ne delce, alergene in druge onesna\u017eevalce, kar je \u0161e posebej pomembno za alergike in ljudi z dihalnimi te\u017eavami.<\/p>\n\n\n\n<p><\/p>\n\n\n\n<p><strong>Energetska u\u010dinkovitost<\/strong>: Dana\u0161nje klimatske naprave so zasnovane tako, da so energetsko zelo u\u010dinkovite in omogo\u010dajo ni\u017eje stro\u0161ke elektri\u010dne energije. Poleg tega se z ustreznim vzdr\u017eevanjem njihova u\u010dinkovitost \u0161e pove\u010duje.<\/p>\n\n\n\n<div style=\"height:25px\" aria-hidden=\"true\" class=\"wp-block-spacer\"><\/div>\n<\/div><\/div>\n<\/div>\n<\/div>\n\n\n\n<div style=\"height:19px\" aria-hidden=\"true\" class=\"wp-block-spacer\"><\/div>\n\n\n\n<blockquote class=\"wp-block-quote has-background-alt-color has-transparent-background-color has-text-color has-background has-link-color wp-elements-5db386cca2e9ca732b15c0b2c4cc0d3c is-layout-flow wp-container-core-quote-is-layout-1 wp-block-quote-is-layout-flow\">\n<p>Redno vzdr\u017eevanje klimatskih naprav je klju\u010dno za njihovo dolgo \u017eivljenjsko dobo in zanesljivo delovanje. Priporo\u010damo redne preglede in \u010di\u0161\u010denje filtrov, saj lahko nepravilno vzdr\u017eevana naprava porabi ve\u010d energije in slab\u0161e hladi.<\/p>\n\n\n\n<p><\/p>\n<\/blockquote>\n\n\n\n<!DOCTYPE html>\n<html lang=\"sl\">\n<head>\n    <meta charset=\"UTF-8\">\n    <meta name=\"viewport\" content=\"width=device-width, initial-scale=1.0\">\n    <title>Na\u0161e storitve<\/title>\n    <style>\n        body {\n            font-family: Arial, sans-serif;\n            margin: 20px;\n            background-color: #f4f4f4;\n        }\n        h2 {\n            color: #00a2ff;\n        }\n        .accordion {\n            background-color: #e0f4ff; \/* Svetlo modra barva *\/\n            border: 1px solid #00a2ff; \/* Glavna modra barva *\/\n            border-radius: 5px;\n            margin: 10px 0;\n            padding: 10px;\n            cursor: pointer;\n            transition: background-color 0.3s ease;\n        }\n        .accordion:hover {\n            background-color: #c8ebff; \/* Temnej\u0161a modra ob hover efektu *\/\n        }\n        .panel {\n            padding: 0 10px;\n            max-height: 0;\n            overflow: hidden;\n            transition: max-height 0.3s ease-out;\n            background-color: #f0fbff; \/* Zelo svetlo modra barva za vsebino *\/\n            border-bottom: 1px solid #00a2ff;\n        }\n        .panel p {\n            margin: 10px 0;\n        }\n    <\/style>\n<\/head>\n<body>\n\n<h2>Na\u0161e storitve<\/h2>\n\n<div class=\"accordion\">Monta\u017ea in svetovanje<\/div>\n<div class=\"panel\">\n    <p>Ponujamo strokovno svetovanje pri izbiri prave klimatske naprave glede na va\u0161e potrebe in prostor. Na\u0161a izku\u0161ena ekipa poskrbi za hitro in natan\u010dno monta\u017eo, ki zagotavlja optimalno delovanje va\u0161e naprave.<\/p>\n<\/div>\n\n<div class=\"accordion\">Vzdr\u017eevanje in \u010di\u0161\u010denje<\/div>\n<div class=\"panel\">\n    <p>Redno vzdr\u017eevanje je klju\u010dno za dolgo \u017eivljenjsko dobo klimatske naprave. Nudimo celovite storitve \u010di\u0161\u010denja filtrov, pregledovanja delovanja ter servisiranja, da bo va\u0161a naprava delovala brezhibno.<\/p>\n<\/div>\n\n<div class=\"accordion\">Popravila<\/div>\n<div class=\"panel\">\n    <p>V primeru te\u017eav ali okvar klimatskih naprav smo vam vedno na voljo za hitro in u\u010dinkovito popravilo. Na\u0161a ekipa poskrbi, da se va\u0161a klimatska naprava vrne v brezhibno stanje v najkraj\u0161em mo\u017enem \u010dasu.<\/p>\n<\/div>\n\n<div class=\"accordion\">Rekuperacija<\/div>\n<div class=\"panel\">\n    <p>Ponujamo napredne rekuperacijske sisteme, ki zagotavljajo u\u010dinkovito vra\u010danje toplote iz odpadnega zraka, kar pripomore k ve\u010dji energetski u\u010dinkovitosti in manj\u0161im stro\u0161kom ogrevanja ter hlajenja.<\/p>\n<\/div>\n\n<script>\n    var acc = document.getElementsByClassName(\"accordion\");\n    var i;\n\n    for (i = 0; i < acc.length; i++) {\n        acc[i].addEventListener(\"click\", function() {\n            this.classList.toggle(\"active\");\n            var panel = this.nextElementSibling;\n            if (panel.style.maxHeight) {\n                panel.style.maxHeight = null;\n            } else {\n                panel.style.maxHeight = panel.scrollHeight + \"px\";\n            } \n        });\n    }\n<\/script>\n\n<\/body>\n<\/html>\n\n\n\n<blockquote class=\"wp-block-quote is-layout-flow wp-block-quote-is-layout-flow\">\n<p><\/p>\n<\/blockquote>\n\n\n\n<div class=\"wp-block-columns handyman-blocks-fade-up is-style-handyman-blocks-boxshadow is-layout-flex wp-container-core-columns-is-layout-2 wp-block-columns-is-layout-flex\" style=\"margin-top:60px\">\n<div class=\"wp-block-column is-layout-flow wp-block-column-is-layout-flow\">\n<div class=\"wp-block-group is-style-handyman-blocks-boxshadow-medium has-light-color-background-color has-background is-layout-constrained wp-container-core-group-is-layout-2 wp-block-group-is-layout-constrained\" style=\"border-radius:12px;padding-top:0px;padding-right:0px;padding-bottom:0px;padding-left:0px\">\n<div class=\"wp-block-cover is-light handyman-blocks-portfolio-box\" style=\"min-height:231px;aspect-ratio:unset;\"><span aria-hidden=\"true\" class=\"wp-block-cover__background has-dark-color-background-color has-background-dim-0 has-background-dim\"><\/span><img loading=\"lazy\" decoding=\"async\" width=\"1920\" height=\"2560\" class=\"wp-block-cover__image-background wp-image-478\" alt=\"\" src=\"https:\/\/www.saza.si\/wp-content\/uploads\/2024\/09\/IMG_7615-scaled.jpg\" style=\"object-position:51% 64%\" data-object-fit=\"cover\" data-object-position=\"51% 64%\" srcset=\"https:\/\/www.saza.si\/wp-content\/uploads\/2024\/09\/IMG_7615-scaled.jpg 1920w, https:\/\/www.saza.si\/wp-content\/uploads\/2024\/09\/IMG_7615-225x300.jpg 225w, https:\/\/www.saza.si\/wp-content\/uploads\/2024\/09\/IMG_7615-768x1024.jpg 768w, https:\/\/www.saza.si\/wp-content\/uploads\/2024\/09\/IMG_7615-1152x1536.jpg 1152w, https:\/\/www.saza.si\/wp-content\/uploads\/2024\/09\/IMG_7615-1536x2048.jpg 1536w\" sizes=\"auto, (max-width: 1920px) 100vw, 1920px\" \/><div class=\"wp-block-cover__inner-container is-layout-constrained wp-block-cover-is-layout-constrained\">\n<div class=\"wp-block-group is-layout-constrained wp-container-core-group-is-layout-1 wp-block-group-is-layout-constrained\">\n<h4 class=\"wp-block-heading has-text-align-center has-light-color-color has-text-color has-link-color has-big-font-size wp-elements-2a98a42db2c5465d0f8e6536198ff983\" style=\"margin-top:24px\">Redno vzdr\u017eevanje podalj\u0161uje \u017eivljenjsko dobo klimatske naprave<\/h4>\n\n\n\n<p class=\"has-text-align-center has-light-color-color has-text-color has-link-color wp-elements-f74437a98453d234eb079cc0307be1ce\">\u010ce redno \u010distite filtre in preverjate delovanje, lahko va\u0161a klimatska naprava deluje optimalno tudi ve\u010d kot 15 let.<\/p>\n<\/div>\n<\/div><\/div>\n<\/div>\n<\/div>\n\n\n\n<div class=\"wp-block-column is-layout-flow wp-block-column-is-layout-flow\">\n<div class=\"wp-block-group is-style-handyman-blocks-boxshadow-medium has-light-color-background-color has-background is-layout-constrained wp-container-core-group-is-layout-4 wp-block-group-is-layout-constrained\" style=\"border-radius:12px;padding-top:0px;padding-right:0px;padding-bottom:0px;padding-left:0px\">\n<div class=\"wp-block-cover is-light handyman-blocks-portfolio-box\" style=\"min-height:233px;aspect-ratio:unset;\"><span aria-hidden=\"true\" class=\"wp-block-cover__background has-dark-color-background-color has-background-dim-0 has-background-dim\"><\/span><img loading=\"lazy\" decoding=\"async\" width=\"1920\" height=\"2560\" class=\"wp-block-cover__image-background wp-image-479\" alt=\"\" src=\"https:\/\/www.saza.si\/wp-content\/uploads\/2024\/09\/IMG_8765-1-scaled.jpg\" style=\"object-position:16% 0%\" data-object-fit=\"cover\" data-object-position=\"16% 0%\" srcset=\"https:\/\/www.saza.si\/wp-content\/uploads\/2024\/09\/IMG_8765-1-scaled.jpg 1920w, https:\/\/www.saza.si\/wp-content\/uploads\/2024\/09\/IMG_8765-1-225x300.jpg 225w, https:\/\/www.saza.si\/wp-content\/uploads\/2024\/09\/IMG_8765-1-768x1024.jpg 768w, https:\/\/www.saza.si\/wp-content\/uploads\/2024\/09\/IMG_8765-1-1152x1536.jpg 1152w, https:\/\/www.saza.si\/wp-content\/uploads\/2024\/09\/IMG_8765-1-1536x2048.jpg 1536w\" sizes=\"auto, (max-width: 1920px) 100vw, 1920px\" \/><div class=\"wp-block-cover__inner-container is-layout-constrained wp-block-cover-is-layout-constrained\">\n<div class=\"wp-block-group is-layout-constrained wp-container-core-group-is-layout-3 wp-block-group-is-layout-constrained\">\n<h4 class=\"wp-block-heading has-text-align-center has-light-color-color has-text-color has-link-color has-big-font-size wp-elements-f9003e4e2e4b304dcc7b1f4c77c7b47f\" style=\"margin-top:24px\">Klimatske naprave lahko tudi grejejo.<\/h4>\n\n\n\n<p class=\"has-text-align-center has-light-color-color has-text-color has-link-color wp-elements-e1ab454d4b27e37bb3436c8fff6294a2\">Mnoge sodobne klimatske naprave omogo\u010dajo ogrevanje prostorov v hladnej\u0161ih mesecih, kar pove\u010duje njihovo funkcionalnost in energijsko u\u010dinkovitost.<\/p>\n<\/div>\n<\/div><\/div>\n<\/div>\n<\/div>\n<\/div>\n","protected":false},"excerpt":{"rendered":"<p>Klimatske naprave so postale nepogre\u0161ljiv del sodobnega doma in delovnega okolja. Poleg tega, da poskrbijo za prijetno temperaturo v vro\u010dih mesecih, pomagajo tudi pri izbolj\u0161anju kakovosti zraka v zaprtih prostorih. Prednosti klimatskih naprav: Tiho delovanje: Sodobne naprave so zasnovane za \u010dim ti\u0161je delovanje, kar omogo\u010da neprekinjeno udobje brez mote\u010dega hrupa. Udobje skozi celo leto: Sodobne&#8230;<\/p>\n","protected":false},"author":1,"featured_media":0,"parent":0,"menu_order":0,"comment_status":"closed","ping_status":"closed","template":"","meta":{"_regular_price":[],"currency_symbol":[],"om_disable_all_campaigns":false,"_monsterinsights_skip_tracking":false,"_monsterinsights_sitenote_active":false,"_monsterinsights_sitenote_note":"","_monsterinsights_sitenote_category":0,"footnotes":""},"class_list":["post-396","page","type-page","status-publish","hentry"],"post_slider_layout_featured_media_urls":{"thumbnail":"","post_slider_layout_landscape_large":"","post_slider_layout_portrait_large":"","post_slider_layout_square_large":"","post_slider_layout_landscape":"","post_slider_layout_portrait":"","post_slider_layout_square":"","full":""},"_links":{"self":[{"href":"https:\/\/www.saza.si\/index.php\/wp-json\/wp\/v2\/pages\/396","targetHints":{"allow":["GET"]}}],"collection":[{"href":"https:\/\/www.saza.si\/index.php\/wp-json\/wp\/v2\/pages"}],"about":[{"href":"https:\/\/www.saza.si\/index.php\/wp-json\/wp\/v2\/types\/page"}],"author":[{"embeddable":true,"href":"https:\/\/www.saza.si\/index.php\/wp-json\/wp\/v2\/users\/1"}],"replies":[{"embeddable":true,"href":"https:\/\/www.saza.si\/index.php\/wp-json\/wp\/v2\/comments?post=396"}],"version-history":[{"count":20,"href":"https:\/\/www.saza.si\/index.php\/wp-json\/wp\/v2\/pages\/396\/revisions"}],"predecessor-version":[{"id":541,"href":"https:\/\/www.saza.si\/index.php\/wp-json\/wp\/v2\/pages\/396\/revisions\/541"}],"wp:attachment":[{"href":"https:\/\/www.saza.si\/index.php\/wp-json\/wp\/v2\/media?parent=396"}],"curies":[{"name":"wp","href":"https:\/\/api.w.org\/{rel}","templated":true}]}}