{"id":137,"date":"2024-08-28T16:17:33","date_gmt":"2024-08-28T16:17:33","guid":{"rendered":"http:\/\/www.saza.si\/?page_id=137"},"modified":"2024-11-27T13:39:18","modified_gmt":"2024-11-27T13:39:18","slug":"ogrevanje","status":"publish","type":"page","link":"https:\/\/www.saza.si\/index.php\/ogrevanje\/","title":{"rendered":"Ogrevanje"},"content":{"rendered":"\n<div style=\"height:33px\" aria-hidden=\"true\" class=\"wp-block-spacer\"><\/div>\n\n\n\n<h2 class=\"wp-block-heading has-text-align-center has-pale-cyan-blue-color has-text-color has-link-color wp-elements-09775cef9fb58239726de446d25f04fe\">Ogrevanje<\/h2>\n\n\n\n<div style=\"height:10px\" aria-hidden=\"true\" class=\"wp-block-spacer\"><\/div>\n\n\n\n<div class=\"wp-block-group is-style-handyman-blocks-boxshadow-large has-border-color has-pale-cyan-blue-border-color has-dark-color-color has-text-color is-layout-constrained wp-block-group-is-layout-constrained\">\n<div class=\"wp-block-columns is-layout-flex wp-container-core-columns-is-layout-1 wp-block-columns-is-layout-flex\">\n<div class=\"wp-block-column is-layout-flow wp-block-column-is-layout-flow\" style=\"flex-basis:50%\">\n<figure class=\"wp-block-image is-resized\"><img loading=\"lazy\" decoding=\"async\" width=\"1024\" height=\"720\" src=\"https:\/\/www.saza.si\/wp-content\/uploads\/2024\/09\/411-19166360-1-1024x720.jpg\" alt=\"\" class=\"wp-image-340\" style=\"width:477px;height:auto\" srcset=\"https:\/\/www.saza.si\/wp-content\/uploads\/2024\/09\/411-19166360-1-1024x720.jpg 1024w, https:\/\/www.saza.si\/wp-content\/uploads\/2024\/09\/411-19166360-1-300x211.jpg 300w, https:\/\/www.saza.si\/wp-content\/uploads\/2024\/09\/411-19166360-1-768x540.jpg 768w, https:\/\/www.saza.si\/wp-content\/uploads\/2024\/09\/411-19166360-1.jpg 1157w\" sizes=\"auto, (max-width: 1024px) 100vw, 1024px\" \/><\/figure>\n<\/div>\n\n\n\n<div class=\"wp-block-column is-layout-flow wp-block-column-is-layout-flow\" style=\"flex-basis:50%\">\n<div class=\"wp-block-group is-nowrap is-layout-flex wp-container-core-group-is-layout-2 wp-block-group-is-layout-flex\">\n<div style=\"height:100px;width:0px\" aria-hidden=\"true\" class=\"wp-block-spacer wp-container-content-1\"><\/div>\n\n\n\n<div class=\"wp-block-group is-layout-constrained wp-block-group-is-layout-constrained\">\n<div style=\"height:26px\" aria-hidden=\"true\" class=\"wp-block-spacer\"><\/div>\n\n\n\n<p class=\"has-text-align-center has-medium-font-size\" style=\"margin-top:0;margin-bottom:0\">Zanesljivost in u\u010dinkovitost sta klju\u010dni pri izbiri ogrevalnega sistema za va\u0161 dom ali poslovni prostor. Pri podjetju SAZA smo specializirani za vzdr\u017eevanje in optimizacijo razli\u010dnih ogrevalnih sistemov, vklju\u010dno s centralnim ogrevanjem, toplotnimi \u010drpalkami in talnim gretjem. Na\u0161a ekipa strokovnjakov skrbi, da va\u0161i ogrevalni sistemi delujejo brezhibno skozi vse leto, ne glede na vremenske razmere.<\/p>\n<\/div>\n<\/div>\n<\/div>\n<\/div>\n<\/div>\n\n\n\n<div style=\"height:23px\" aria-hidden=\"true\" class=\"wp-block-spacer\"><\/div>\n\n\n\n<div style=\"height:0px\" aria-hidden=\"true\" class=\"wp-block-spacer\"><\/div>\n\n\n\n<h2 class=\"wp-block-heading has-text-align-center has-pale-cyan-blue-color has-text-color has-link-color wp-elements-65536a0d5869196f9e4fc72d6e20e24c\">Kaj lahko storimo za va\u0161e ogrevanje?<\/h2>\n\n\n\n<p class=\"has-light-shade-background-color has-background\">V na\u0161em podnebju, kjer so zime lahko dolge in ostre, je zanesljivo ogrevanje klju\u010dnega pomena za udobje va\u0161ega doma. Mi razumemo, kako pomembno je, da va\u0161 ogrevalni sistem deluje brezhibno in u\u010dinkovito skozi vse leto.<\/p>\n\n\n\n<div style=\"height:25px\" aria-hidden=\"true\" class=\"wp-block-spacer\"><\/div>\n\n\n\n<div class=\"wp-block-columns is-layout-flex wp-container-core-columns-is-layout-2 wp-block-columns-is-layout-flex\">\n<div class=\"wp-block-column is-layout-flow wp-block-column-is-layout-flow\" style=\"flex-basis:33.33%\">\n<div style=\"background-color: #f4f4f4;padding: 20px;border-radius: 8px;max-width: 400px;margin-left: 0;margin-right: 0\">\n    <h3 style=\"color: #333333;font-weight: bold\">Kateri ogrevalni sistem je pravi za vas?<\/h3>\n    <p>Izbira pravega ogrevalnega sistema za va\u0161 dom zahteva temeljit razmislek o ve\u010d klju\u010dnih dejavnikih, da zagotovite udobje in u\u010dinkovitost. Za\u010dnite z oceno specifi\u010dnih potreb va\u0161ega doma, vklju\u010dno z velikostjo, stopnjo izolacije in obstoje\u010do ogrevalno infrastrukturo.<\/p>\n    <p>Poleg teh prakti\u010dnih vidikov je pomembno upo\u0161tevati dolgoro\u010dne stro\u0161ke, ki presegajo le za\u010detno investicijo v sistem. Energetska u\u010dinkovitost igra klju\u010dno vlogo pri tem, saj lahko bolj u\u010dinkoviti sistemi s\u010dasoma ponudijo znae prihranke pri ra\u010dunih za energijo, tudi \u010de je za\u010detni stro\u0161ek vi\u0161ji. Prav tako morda \u017eelite upo\u0161tevati vpliv na okolje, saj so sistemi z ni\u017ejimi emisijami ogljika bolj trajnostna izbira, \u010de vam je skrb za okolje pomembna.<\/p>\n    <p>Na\u0161e storitve ogrevanja vam pomagajo odpraviti ugibanja pri iskanju prave re\u0161itve za ogrevanje doma. Na\u0161i svetovalci vam lahko ponudijo prilagojene nasvete, ocenijo postavitev va\u0161ega doma, priporo\u010dijo najprimernej\u0161i sistem in pojasnijo potencialne koristi in omejitve vsake mo\u017enosti.<\/p>\n<\/div>\n<\/div>\n\n\n\n<div class=\"wp-block-column is-layout-flow wp-block-column-is-layout-flow\"><\/div>\n\n\n\n<div class=\"wp-block-column is-layout-flow wp-block-column-is-layout-flow\" style=\"flex-basis:66.66%\">\n<div style=\"background-color: #18427b;padding: 20px;border-radius: 8px\">\n   <h3 style=\"color: #ffffff;font-weight: bold;padding: 10px;border-radius: 4px\">Vrste ogrevalnih sistemov, ki jih ponujamo:<\/h3>\n    <ul style=\"list-style-type: none;padding-left: 0\">\n        \n        <\/li>\n        <li style=\"background-color: #ffffff;padding: 10px;margin-bottom: 10px;border-radius: 4px;box-shadow: 0 2px 4px rgba(0, 0, 0, 0.1)\">\n            <strong>Brezkanalni sistemi<\/strong><br>\n            Brezkanalni ogrevalni sistemi, znani tudi kot mini-split sistemi, omogo\u010dajo prilagodljivo in u\u010dinkovito alternativo za ogrevanje doma. Ti sistemi omogo\u010dajo nadzor temperature v posameznih prostorih brez potrebe po obse\u017enih zra\u010dnih kanalih, kar je idealno za domove brez obstoje\u010dih kanalov ali za dodatke, kjer bi bilo raz\u0161irjanje kanalov neprakti\u010dno. Brezkanalni sistemi zmanj\u0161ujejo energetske izgube, kar vodi do ni\u017ejih ra\u010dunov za energijo.\n        <\/li>\n        <li style=\"background-color: #ffffff;padding: 10px;margin-bottom: 10px;border-radius: 4px;box-shadow: 0 2px 4px rgba(0, 0, 0, 0.1)\">\n            <strong>Dvojni sistemi goriv<\/strong><br>\n           Dvojni sistemi goriv zdru\u017eujejo plinsko pe\u010d in elektri\u010dno toplotno \u010drpalko za u\u010dinkovito in stro\u0161kovno ugodno ogrevanje. Glavna prednost teh sistemov je samodejno preklapljanje med plinsko pe\u010djo in elektri\u010dno toplotno \u010drpalko glede na temperaturne pragove, kar zagotavlja optimalno porabo energije in udobje.\n        <\/li>\n      \n        <\/li>\n        <li style=\"background-color: #ffffff;padding: 10px;margin-bottom: 10px;border-radius: 4px;box-shadow: 0 2px 4px rgba(0, 0, 0, 0.1)\">\n            <strong>Pe\u010di<\/strong><br>\n            Pe\u010di ostajajo temelj ogrevanja doma, saj ponujajo mo\u010dno in enakomerno porazdelitev toplote, ki domove greje skozi najhladnej\u0161e mesece. Nudimo specializirane storitve tako za plinske kot elektri\u010dne pe\u010di, vklju\u010dno z namestitvijo, zamenjavo in hitrimi popravili.\n        <\/li>\n        <li style=\"background-color: #ffffff;padding: 10px;margin-bottom: 10px;border-radius: 4px;box-shadow: 0 2px 4px rgba(0, 0, 0, 0.1)\">\n            <strong>Toplotne \u010drpalke<\/strong><br>\n          Toplotne \u010drpalke izkori\u0161\u010dajo zunanji zrak ali zemljo za ogrevanje in hlajenje doma. Ena izmed njihovih klju\u010dnih prednosti je mo\u017enost delovanja kot ogrevalni in hladilni sistem, kar zagotavlja udobje skozi vse leto z eno samo namestitvijo.\n        <\/li>\n        <li style=\"background-color: #ffffff;padding: 10px;margin-bottom: 10px;border-radius: 4px;box-shadow: 0 2px 4px rgba(0, 0, 0, 0.1)\">\n            <strong>Sistemi talnega ogrevanja<\/strong><br>\n          Za razliko od konvencionalnih sistemov, ki segrevajo zrak, talno ogrevanje neposredno segreva predmete v prostoru preko tal, sten ali stropnih panelov. Talno ogrevanje zagotavlja enakomerno porazdelitev toplote in zmanj\u0161uje kro\u017eenje prahu in alergenov.\n<\/div>\n<\/div>\n\n\n\n<div style=\"height:26px\" aria-hidden=\"true\" class=\"wp-block-spacer\"><\/div>\n\n\n\n<p><\/p>\n","protected":false},"excerpt":{"rendered":"<p>Ogrevanje Zanesljivost in u\u010dinkovitost sta klju\u010dni pri izbiri ogrevalnega sistema za va\u0161 dom ali poslovni prostor. Pri podjetju SAZA smo specializirani za vzdr\u017eevanje in optimizacijo razli\u010dnih ogrevalnih sistemov, vklju\u010dno s centralnim ogrevanjem, toplotnimi \u010drpalkami in talnim gretjem. Na\u0161a ekipa strokovnjakov skrbi, da va\u0161i ogrevalni sistemi delujejo brezhibno skozi vse leto, ne glede na vremenske razmere&#8230;.<\/p>\n","protected":false},"author":1,"featured_media":142,"parent":0,"menu_order":0,"comment_status":"closed","ping_status":"closed","template":"","meta":{"_regular_price":[],"currency_symbol":[],"om_disable_all_campaigns":false,"_monsterinsights_skip_tracking":false,"_monsterinsights_sitenote_active":false,"_monsterinsights_sitenote_note":"","_monsterinsights_sitenote_category":0,"footnotes":""},"class_list":["post-137","page","type-page","status-publish","has-post-thumbnail","hentry"],"post_slider_layout_featured_media_urls":{"thumbnail":["https:\/\/www.saza.si\/wp-content\/uploads\/2024\/08\/pexels-mikhail-nilov-6530539-150x150.jpg",150,150,true],"post_slider_layout_landscape_large":["https:\/\/www.saza.si\/wp-content\/uploads\/2024\/08\/pexels-mikhail-nilov-6530539-1200x800.jpg",1200,800,true],"post_slider_layout_portrait_large":["https:\/\/www.saza.si\/wp-content\/uploads\/2024\/08\/pexels-mikhail-nilov-6530539-1200x1800.jpg",1200,1800,true],"post_slider_layout_square_large":["https:\/\/www.saza.si\/wp-content\/uploads\/2024\/08\/pexels-mikhail-nilov-6530539-1200x1200.jpg",1200,1200,true],"post_slider_layout_landscape":["https:\/\/www.saza.si\/wp-content\/uploads\/2024\/08\/pexels-mikhail-nilov-6530539-600x400.jpg",600,400,true],"post_slider_layout_portrait":["https:\/\/www.saza.si\/wp-content\/uploads\/2024\/08\/pexels-mikhail-nilov-6530539-600x900.jpg",600,900,true],"post_slider_layout_square":["https:\/\/www.saza.si\/wp-content\/uploads\/2024\/08\/pexels-mikhail-nilov-6530539-600x600.jpg",600,600,true],"full":["https:\/\/www.saza.si\/wp-content\/uploads\/2024\/08\/pexels-mikhail-nilov-6530539-scaled.jpg",2560,1707,false]},"_links":{"self":[{"href":"https:\/\/www.saza.si\/index.php\/wp-json\/wp\/v2\/pages\/137","targetHints":{"allow":["GET"]}}],"collection":[{"href":"https:\/\/www.saza.si\/index.php\/wp-json\/wp\/v2\/pages"}],"about":[{"href":"https:\/\/www.saza.si\/index.php\/wp-json\/wp\/v2\/types\/page"}],"author":[{"embeddable":true,"href":"https:\/\/www.saza.si\/index.php\/wp-json\/wp\/v2\/users\/1"}],"replies":[{"embeddable":true,"href":"https:\/\/www.saza.si\/index.php\/wp-json\/wp\/v2\/comments?post=137"}],"version-history":[{"count":24,"href":"https:\/\/www.saza.si\/index.php\/wp-json\/wp\/v2\/pages\/137\/revisions"}],"predecessor-version":[{"id":532,"href":"https:\/\/www.saza.si\/index.php\/wp-json\/wp\/v2\/pages\/137\/revisions\/532"}],"wp:featuredmedia":[{"embeddable":true,"href":"https:\/\/www.saza.si\/index.php\/wp-json\/wp\/v2\/media\/142"}],"wp:attachment":[{"href":"https:\/\/www.saza.si\/index.php\/wp-json\/wp\/v2\/media?parent=137"}],"curies":[{"name":"wp","href":"https:\/\/api.w.org\/{rel}","templated":true}]}}