{"id":115,"date":"2024-08-28T15:53:26","date_gmt":"2024-08-28T15:53:26","guid":{"rendered":"http:\/\/www.saza.si\/?page_id=115"},"modified":"2024-11-27T13:45:19","modified_gmt":"2024-11-27T13:45:19","slug":"storitve","status":"publish","type":"page","link":"https:\/\/www.saza.si\/index.php\/storitve\/","title":{"rendered":"Storitve"},"content":{"rendered":"\n<p><a href=\"https:\/\/www.saza.si\/wp-admin\/edit.php?post_type=page\"><\/a><\/p>\n\n\n\n<main class=\"wp-block-group has-light-color-background-color has-background is-layout-constrained wp-container-core-group-is-layout-15 wp-block-group-is-layout-constrained\" style=\"padding-top:0;padding-right:0;padding-bottom:0;padding-left:0\">\n<div class=\"wp-block-group is-layout-constrained wp-container-core-group-is-layout-13 wp-block-group-is-layout-constrained\" style=\"padding-top:var(--wp--preset--spacing--60);padding-right:var(--wp--preset--spacing--40);padding-bottom:var(--wp--preset--spacing--60);padding-left:var(--wp--preset--spacing--40)\">\n<div class=\"wp-block-columns are-vertically-aligned-center is-layout-flex wp-container-core-columns-is-layout-1 wp-block-columns-is-layout-flex\">\n<div class=\"wp-block-column is-vertically-aligned-center is-layout-flow wp-block-column-is-layout-flow\">\n<h3 class=\"wp-block-heading has-text-align-center has-large-font-size\" style=\"font-style:normal;font-weight:600\">Na\u0161e storitve<\/h3>\n\n\n\n<p class=\"has-text-align-center\">Ukvarjamo se z dobavo, monta\u017eo in servisom naslednjih sistemov in naprav:<\/p>\n<\/div>\n<\/div>\n\n\n\n<div class=\"wp-block-columns handyman-blocks-fade-up is-layout-flex wp-container-core-columns-is-layout-2 wp-block-columns-is-layout-flex\" style=\"margin-top:60px\">\n<div class=\"wp-block-column is-layout-flow wp-block-column-is-layout-flow\">\n<div class=\"wp-block-group is-style-handyman-blocks-boxshadow-medium has-light-color-background-color has-background is-layout-constrained wp-container-core-group-is-layout-2 wp-block-group-is-layout-constrained\" style=\"border-style:none;border-width:0px;border-radius:0px;margin-top:0;margin-bottom:0;padding-top:40px;padding-right:40px;padding-bottom:40px;padding-left:40px\">\n<figure class=\"wp-block-image aligncenter size-full is-resized has-custom-border\"><img loading=\"lazy\" decoding=\"async\" width=\"279\" height=\"210\" src=\"https:\/\/www.saza.si\/wp-content\/uploads\/2024\/08\/Benefits_of_AC-2-edited.jpg\" alt=\"\" class=\"wp-image-224\" style=\"border-style:none;border-width:0px;border-radius:50%;object-fit:cover;width:113px;height:113px\"\/><\/figure>\n\n\n\n<div class=\"wp-block-group is-layout-constrained wp-container-core-group-is-layout-1 wp-block-group-is-layout-constrained\">\n<h4 class=\"wp-block-heading has-text-align-center has-pale-cyan-blue-color has-text-color has-link-color has-big-font-size wp-elements-4140ea0a1121cbeb2c94013704c0abdc\" style=\"margin-top:24px\">Klimatske naprave<\/h4>\n\n\n\n<p class=\"has-text-align-center\">U\u017eivajte v popolnem udobju z na\u0161imi naprednimi klimatskimi sistemi, ki zagotavljajo u\u010dinkovito hlajenje in energetsko var\u010dnost.<\/p>\n\n\n\n<div class=\"wp-block-buttons is-content-justification-center is-layout-flex wp-container-core-buttons-is-layout-1 wp-block-buttons-is-layout-flex\" style=\"margin-top:24px\">\n<div class=\"wp-block-button is-style-button-hover-secondary-bgcolor\" style=\"text-transform:uppercase\"><a class=\"wp-block-button__link has-background-alt-color has-transparent-background-color has-text-color has-background has-link-color has-border-color has-pale-cyan-blue-border-color wp-element-button\" style=\"border-width:1px;border-radius:5px;padding-top:9px;padding-right:var(--wp--preset--spacing--50);padding-bottom:9px;padding-left:var(--wp--preset--spacing--50)\">VE\u010c&#8230;<\/a><\/div>\n<\/div>\n<\/div>\n<\/div>\n<\/div>\n\n\n\n<div class=\"wp-block-column is-layout-flow wp-block-column-is-layout-flow\">\n<div class=\"wp-block-group is-style-handyman-blocks-boxshadow-medium has-light-color-background-color has-background is-layout-constrained wp-container-core-group-is-layout-4 wp-block-group-is-layout-constrained\" style=\"border-style:none;border-width:0px;border-radius:0px;margin-top:0;margin-bottom:0;padding-top:40px;padding-right:40px;padding-bottom:40px;padding-left:40px\">\n<figure class=\"wp-block-image aligncenter size-full is-resized has-custom-border\"><img loading=\"lazy\" decoding=\"async\" width=\"2000\" height=\"1334\" src=\"https:\/\/www.saza.si\/wp-content\/uploads\/2024\/08\/what-is-commercial-plumbing-1695726033-1.jpeg\" alt=\"\" class=\"wp-image-229\" style=\"border-style:none;border-width:0px;border-radius:50%;object-fit:cover;width:113px;height:113px\" srcset=\"https:\/\/www.saza.si\/wp-content\/uploads\/2024\/08\/what-is-commercial-plumbing-1695726033-1.jpeg 2000w, https:\/\/www.saza.si\/wp-content\/uploads\/2024\/08\/what-is-commercial-plumbing-1695726033-1-300x200.jpeg 300w, https:\/\/www.saza.si\/wp-content\/uploads\/2024\/08\/what-is-commercial-plumbing-1695726033-1-1024x683.jpeg 1024w, https:\/\/www.saza.si\/wp-content\/uploads\/2024\/08\/what-is-commercial-plumbing-1695726033-1-768x512.jpeg 768w, https:\/\/www.saza.si\/wp-content\/uploads\/2024\/08\/what-is-commercial-plumbing-1695726033-1-1536x1025.jpeg 1536w, https:\/\/www.saza.si\/wp-content\/uploads\/2024\/08\/what-is-commercial-plumbing-1695726033-1-1200x800.jpeg 1200w, https:\/\/www.saza.si\/wp-content\/uploads\/2024\/08\/what-is-commercial-plumbing-1695726033-1-600x400.jpeg 600w\" sizes=\"auto, (max-width: 2000px) 100vw, 2000px\" \/><\/figure>\n\n\n\n<div class=\"wp-block-group is-layout-constrained wp-container-core-group-is-layout-3 wp-block-group-is-layout-constrained\">\n<h4 class=\"wp-block-heading has-text-align-center has-pale-cyan-blue-color has-text-color has-link-color has-big-font-size wp-elements-a0b8fbedd3789a31d53d4742fbcd2fba\" style=\"margin-top:24px\">Vodovod<\/h4>\n\n\n\n<p class=\"has-text-align-center\">Nudimo vrhunske vodovodne re\u0161itve, ki vklju\u010dujejo monta\u017eo, vzdr\u017eevanje in popravila za brezhibno delovanje va\u0161ega doma.<\/p>\n\n\n\n<div class=\"wp-block-buttons is-content-justification-center is-layout-flex wp-container-core-buttons-is-layout-2 wp-block-buttons-is-layout-flex\" style=\"margin-top:24px\">\n<div class=\"wp-block-button is-style-button-hover-secondary-bgcolor\" style=\"text-transform:uppercase\"><a class=\"wp-block-button__link has-heading-color-color has-transparent-background-color has-text-color has-background has-link-color has-border-color has-pale-cyan-blue-border-color wp-element-button\" href=\"https:\/\/www.saza.si\/index.php\/vodovodne-instalacije\/\" style=\"border-width:1px;border-radius:5px;padding-top:9px;padding-right:var(--wp--preset--spacing--50);padding-bottom:9px;padding-left:var(--wp--preset--spacing--50)\">VE\u010c&#8230;<\/a><\/div>\n<\/div>\n<\/div>\n<\/div>\n<\/div>\n\n\n\n<div class=\"wp-block-column is-layout-flow wp-block-column-is-layout-flow\">\n<div class=\"wp-block-group is-style-handyman-blocks-boxshadow-medium has-light-color-background-color has-background is-layout-constrained wp-container-core-group-is-layout-6 wp-block-group-is-layout-constrained\" style=\"border-style:none;border-width:0px;border-radius:0px;margin-top:0;margin-bottom:0;padding-top:40px;padding-right:40px;padding-bottom:40px;padding-left:40px\">\n<figure class=\"wp-block-image aligncenter size-full is-resized has-custom-border\"><img loading=\"lazy\" decoding=\"async\" width=\"640\" height=\"853\" src=\"https:\/\/www.saza.si\/wp-content\/uploads\/2024\/08\/Filter-Triplex-1.jpg\" alt=\"\" class=\"wp-image-231\" style=\"border-style:none;border-width:0px;border-radius:50%;aspect-ratio:1;object-fit:cover;width:107px;height:auto\" srcset=\"https:\/\/www.saza.si\/wp-content\/uploads\/2024\/08\/Filter-Triplex-1.jpg 640w, https:\/\/www.saza.si\/wp-content\/uploads\/2024\/08\/Filter-Triplex-1-225x300.jpg 225w\" sizes=\"auto, (max-width: 640px) 100vw, 640px\" \/><\/figure>\n\n\n\n<div class=\"wp-block-group is-layout-constrained wp-container-core-group-is-layout-5 wp-block-group-is-layout-constrained\">\n<h4 class=\"wp-block-heading has-text-align-center has-pale-cyan-blue-color has-text-color has-link-color has-big-font-size wp-elements-1a9a8aa48c75456aa25af3e5e3488ee8\" style=\"margin-top:24px\">Filtriranje vode<\/h4>\n\n\n\n<p class=\"has-text-align-center\">Poskrbite za \u010disto in varno pitno vodos sistemi za filtracijo, ki odstranijo ne\u010disto\u010de in izbolj\u0161ajo okus vode. <\/p>\n\n\n\n<div style=\"height:20px\" aria-hidden=\"true\" class=\"wp-block-spacer\"><\/div>\n\n\n\n<div class=\"wp-block-buttons is-content-justification-center is-layout-flex wp-container-core-buttons-is-layout-3 wp-block-buttons-is-layout-flex\" style=\"margin-top:24px\">\n<div class=\"wp-block-button is-style-button-hover-secondary-bgcolor\" style=\"text-transform:uppercase\"><a class=\"wp-block-button__link has-heading-color-color has-transparent-background-color has-text-color has-background has-link-color has-border-color has-pale-cyan-blue-border-color wp-element-button\" style=\"border-width:1px;border-radius:5px;padding-top:9px;padding-right:var(--wp--preset--spacing--50);padding-bottom:9px;padding-left:var(--wp--preset--spacing--50)\">VE\u010c&#8230;<\/a><\/div>\n<\/div>\n<\/div>\n<\/div>\n<\/div>\n<\/div>\n\n\n\n<div class=\"wp-block-columns handyman-blocks-fade-up is-layout-flex wp-container-core-columns-is-layout-3 wp-block-columns-is-layout-flex\" style=\"margin-top:35px\">\n<div class=\"wp-block-column is-layout-flow wp-block-column-is-layout-flow\">\n<div class=\"wp-block-group is-style-handyman-blocks-boxshadow-medium has-light-color-background-color has-background is-layout-constrained wp-container-core-group-is-layout-8 wp-block-group-is-layout-constrained\" style=\"border-style:none;border-width:0px;border-radius:0px;margin-top:0;margin-bottom:0;padding-top:40px;padding-right:40px;padding-bottom:40px;padding-left:40px\">\n<figure class=\"wp-block-image aligncenter size-full is-resized has-custom-border\"><img loading=\"lazy\" decoding=\"async\" width=\"1200\" height=\"628\" src=\"https:\/\/www.saza.si\/wp-content\/uploads\/2024\/08\/ventilation-web-2.webp\" alt=\"\" class=\"wp-image-225\" style=\"border-style:none;border-width:0px;border-radius:50%;object-fit:cover;width:113px;height:113px\" srcset=\"https:\/\/www.saza.si\/wp-content\/uploads\/2024\/08\/ventilation-web-2.webp 1200w, https:\/\/www.saza.si\/wp-content\/uploads\/2024\/08\/ventilation-web-2-300x157.webp 300w, https:\/\/www.saza.si\/wp-content\/uploads\/2024\/08\/ventilation-web-2-1024x536.webp 1024w, https:\/\/www.saza.si\/wp-content\/uploads\/2024\/08\/ventilation-web-2-768x402.webp 768w\" sizes=\"auto, (max-width: 1200px) 100vw, 1200px\" \/><\/figure>\n\n\n\n<div class=\"wp-block-group is-layout-constrained wp-container-core-group-is-layout-7 wp-block-group-is-layout-constrained\">\n<h4 class=\"wp-block-heading has-text-align-center has-pale-cyan-blue-color has-text-color has-link-color has-big-font-size wp-elements-41545710fdda919ca42cda2076ad28dd\" style=\"margin-top:24px\">Prezra\u010devanje<\/h4>\n\n\n\n<p class=\"has-text-align-center\">Zagotovite sve\u017e zrak v va\u0161em prostoru z na\u0161imi visokokakovostnimi prezra\u010devalnimi sistemi, ki izbolj\u0161ajo kakovost zraka in zdravje.<\/p>\n\n\n\n<div class=\"wp-block-buttons is-content-justification-center is-layout-flex wp-container-core-buttons-is-layout-4 wp-block-buttons-is-layout-flex\" style=\"margin-top:24px\">\n<div class=\"wp-block-button is-style-button-hover-secondary-bgcolor\" style=\"text-transform:uppercase\"><a class=\"wp-block-button__link has-heading-color-color has-transparent-background-color has-text-color has-background has-link-color has-border-color has-pale-cyan-blue-border-color wp-element-button\" href=\"https:\/\/www.saza.si\/index.php\/prezracevanje\/\" style=\"border-width:1px;border-radius:5px;padding-top:9px;padding-right:var(--wp--preset--spacing--50);padding-bottom:9px;padding-left:var(--wp--preset--spacing--50)\">VE\u010c&#8230;<\/a><\/div>\n<\/div>\n<\/div>\n<\/div>\n<\/div>\n\n\n\n<div class=\"wp-block-column is-layout-flow wp-block-column-is-layout-flow\">\n<div class=\"wp-block-group is-style-handyman-blocks-boxshadow-medium has-light-color-background-color has-background is-layout-constrained wp-container-core-group-is-layout-10 wp-block-group-is-layout-constrained\" style=\"border-style:none;border-width:0px;border-radius:0px;margin-top:0;margin-bottom:0;padding-top:40px;padding-right:40px;padding-bottom:40px;padding-left:40px\">\n<figure class=\"wp-block-image aligncenter size-full is-resized has-custom-border\"><img loading=\"lazy\" decoding=\"async\" width=\"1200\" height=\"1599\" src=\"https:\/\/www.saza.si\/wp-content\/uploads\/2024\/08\/Talno-ogrevanje-1-6.png\" alt=\"\" class=\"wp-image-228\" style=\"border-style:none;border-width:0px;border-radius:50%;object-fit:cover;width:113px;height:113px\" srcset=\"https:\/\/www.saza.si\/wp-content\/uploads\/2024\/08\/Talno-ogrevanje-1-6.png 1200w, https:\/\/www.saza.si\/wp-content\/uploads\/2024\/08\/Talno-ogrevanje-1-6-225x300.png 225w, https:\/\/www.saza.si\/wp-content\/uploads\/2024\/08\/Talno-ogrevanje-1-6-768x1023.png 768w, https:\/\/www.saza.si\/wp-content\/uploads\/2024\/08\/Talno-ogrevanje-1-6-1153x1536.png 1153w\" sizes=\"auto, (max-width: 1200px) 100vw, 1200px\" \/><\/figure>\n\n\n\n<div class=\"wp-block-group is-layout-constrained wp-container-core-group-is-layout-9 wp-block-group-is-layout-constrained\">\n<h4 class=\"wp-block-heading has-text-align-center has-pale-cyan-blue-color has-text-color has-link-color has-big-font-size wp-elements-a2642daf7f0f7b3f535524e7ac68bbcc\" style=\"margin-top:24px\">Ogrevanje<\/h4>\n\n\n\n<p class=\"has-text-align-center\">Nudimo \u0161iroko paleto ogrevalnih re\u0161itev, prilagojenih va\u0161im potrebam, ki zagotavljajo udobje in energetsko u\u010dinkovitost v va\u0161em domu.<\/p>\n\n\n\n<div class=\"wp-block-buttons is-content-justification-center is-layout-flex wp-container-core-buttons-is-layout-5 wp-block-buttons-is-layout-flex\" style=\"margin-top:24px\">\n<div class=\"wp-block-button is-style-button-hover-secondary-bgcolor\" style=\"text-transform:uppercase\"><a class=\"wp-block-button__link has-heading-color-color has-transparent-background-color has-text-color has-background has-link-color has-border-color has-pale-cyan-blue-border-color wp-element-button\" href=\"https:\/\/www.saza.si\/index.php\/ogrevanje\/\" style=\"border-width:1px;border-radius:5px;padding-top:9px;padding-right:var(--wp--preset--spacing--50);padding-bottom:9px;padding-left:var(--wp--preset--spacing--50)\">VE\u010c&#8230;<\/a><\/div>\n<\/div>\n<\/div>\n<\/div>\n<\/div>\n\n\n\n<div class=\"wp-block-column is-style-default is-layout-flow wp-block-column-is-layout-flow\">\n<div class=\"wp-block-group is-style-handyman-blocks-boxshadow-medium has-light-color-background-color has-background is-layout-constrained wp-container-core-group-is-layout-12 wp-block-group-is-layout-constrained\" style=\"border-style:none;border-width:0px;border-radius:0px;margin-top:0;margin-bottom:0;padding-top:40px;padding-right:40px;padding-bottom:40px;padding-left:40px\">\n<figure class=\"wp-block-image aligncenter size-full is-resized has-custom-border\"><img loading=\"lazy\" decoding=\"async\" width=\"2560\" height=\"1606\" src=\"https:\/\/www.saza.si\/wp-content\/uploads\/2024\/08\/pexels-jvdm-1454804-1-scaled.jpg\" alt=\"\" class=\"wp-image-233\" style=\"border-style:none;border-width:0px;border-radius:50%;object-fit:cover;width:113px;height:113px\" srcset=\"https:\/\/www.saza.si\/wp-content\/uploads\/2024\/08\/pexels-jvdm-1454804-1-scaled.jpg 2560w, https:\/\/www.saza.si\/wp-content\/uploads\/2024\/08\/pexels-jvdm-1454804-1-300x188.jpg 300w, https:\/\/www.saza.si\/wp-content\/uploads\/2024\/08\/pexels-jvdm-1454804-1-1024x643.jpg 1024w, https:\/\/www.saza.si\/wp-content\/uploads\/2024\/08\/pexels-jvdm-1454804-1-768x482.jpg 768w, https:\/\/www.saza.si\/wp-content\/uploads\/2024\/08\/pexels-jvdm-1454804-1-1536x964.jpg 1536w, https:\/\/www.saza.si\/wp-content\/uploads\/2024\/08\/pexels-jvdm-1454804-1-2048x1285.jpg 2048w\" sizes=\"auto, (max-width: 2560px) 100vw, 2560px\" \/><\/figure>\n\n\n\n<div class=\"wp-block-group is-layout-constrained wp-container-core-group-is-layout-11 wp-block-group-is-layout-constrained\">\n<h4 class=\"wp-block-heading has-text-align-center has-pale-cyan-blue-color has-text-color has-link-color has-big-font-size wp-elements-66d204b56fca0aa311f042fe2627a8c9\" style=\"margin-top:24px\">Kopalnice<\/h4>\n\n\n\n<p class=\"has-text-align-center\">Specializirani smo za popolne prenove kopalnic, ki prina\u0161ajo funkcionalnost in estetsko dovr\u0161enost v vsak dom.<\/p>\n\n\n\n<div style=\"height:14px\" aria-hidden=\"true\" class=\"wp-block-spacer\"><\/div>\n\n\n\n<div class=\"wp-block-buttons is-content-justification-center is-layout-flex wp-container-core-buttons-is-layout-6 wp-block-buttons-is-layout-flex\" style=\"margin-top:24px\">\n<div class=\"wp-block-button is-style-button-hover-secondary-bgcolor\" style=\"text-transform:uppercase\"><a class=\"wp-block-button__link has-heading-color-color has-transparent-background-color has-text-color has-background has-link-color has-border-color has-pale-cyan-blue-border-color wp-element-button\" style=\"border-width:1px;border-radius:5px;padding-top:9px;padding-right:var(--wp--preset--spacing--50);padding-bottom:9px;padding-left:var(--wp--preset--spacing--50)\">VE\u010c&#8230;<\/a><\/div>\n<\/div>\n<\/div>\n<\/div>\n<\/div>\n<\/div>\n<\/div>\n\n\n\n<div class=\"wp-block-group has-border-light-color-background-color has-background is-layout-constrained wp-container-core-group-is-layout-14 wp-block-group-is-layout-constrained\" style=\"padding-top:var(--wp--preset--spacing--80);padding-right:var(--wp--preset--spacing--40);padding-bottom:var(--wp--preset--spacing--80);padding-left:var(--wp--preset--spacing--40)\">\n<h2 class=\"wp-block-heading has-text-align-center\">Enquiry<\/h2>\n\n\n\n<p class=\"has-text-align-center\">Lorem ipsum dolor sit amet, consectetur adipiscing elit, sed do eiusmod tempor incididunt ut labore et dolore magna aliqua. Ut enim ad minim veniam, quis nostrud exercitation ullamco laboris nisi ut aliquip ex ea commodo consequat.<\/p>\n\n\n\n<div class=\"wp-block-buttons is-content-justification-center is-layout-flex wp-container-core-buttons-is-layout-7 wp-block-buttons-is-layout-flex\" style=\"margin-top:40px\">\n<div class=\"wp-block-button\"><a class=\"wp-block-button__link wp-element-button\" style=\"border-radius:60px;padding-top:var(--wp--preset--spacing--50);padding-right:var(--wp--preset--spacing--60);padding-bottom:var(--wp--preset--spacing--50);padding-left:var(--wp--preset--spacing--60)\">Pokli\u010dite: 041 256 167<\/a><\/div>\n\n\n\n<div class=\"wp-block-button is-style-button-hover-primary-bgcolor\"><a class=\"wp-block-button__link has-secondary-background-color has-background wp-element-button\" style=\"border-radius:60px;padding-top:var(--wp--preset--spacing--50);padding-right:var(--wp--preset--spacing--60);padding-bottom:var(--wp--preset--spacing--50);padding-left:var(--wp--preset--spacing--60)\">Request a Quote<\/a><\/div>\n<\/div>\n<\/div>\n<\/main>\n","protected":false},"excerpt":{"rendered":"<p>Na\u0161e storitve Ukvarjamo se z dobavo, monta\u017eo in servisom naslednjih sistemov in naprav: Klimatske naprave U\u017eivajte v popolnem udobju z na\u0161imi naprednimi klimatskimi sistemi, ki zagotavljajo u\u010dinkovito hlajenje in energetsko var\u010dnost. Vodovod Nudimo vrhunske vodovodne re\u0161itve, ki vklju\u010dujejo monta\u017eo, vzdr\u017eevanje in popravila za brezhibno delovanje va\u0161ega doma. Filtriranje vode Poskrbite za \u010disto in varno pitno&#8230;<\/p>\n","protected":false},"author":1,"featured_media":0,"parent":0,"menu_order":0,"comment_status":"closed","ping_status":"closed","template":"","meta":{"_regular_price":[],"currency_symbol":[],"om_disable_all_campaigns":false,"_monsterinsights_skip_tracking":false,"_monsterinsights_sitenote_active":false,"_monsterinsights_sitenote_note":"","_monsterinsights_sitenote_category":0,"footnotes":""},"class_list":["post-115","page","type-page","status-publish","hentry"],"post_slider_layout_featured_media_urls":{"thumbnail":"","post_slider_layout_landscape_large":"","post_slider_layout_portrait_large":"","post_slider_layout_square_large":"","post_slider_layout_landscape":"","post_slider_layout_portrait":"","post_slider_layout_square":"","full":""},"_links":{"self":[{"href":"https:\/\/www.saza.si\/index.php\/wp-json\/wp\/v2\/pages\/115","targetHints":{"allow":["GET"]}}],"collection":[{"href":"https:\/\/www.saza.si\/index.php\/wp-json\/wp\/v2\/pages"}],"about":[{"href":"https:\/\/www.saza.si\/index.php\/wp-json\/wp\/v2\/types\/page"}],"author":[{"embeddable":true,"href":"https:\/\/www.saza.si\/index.php\/wp-json\/wp\/v2\/users\/1"}],"replies":[{"embeddable":true,"href":"https:\/\/www.saza.si\/index.php\/wp-json\/wp\/v2\/comments?post=115"}],"version-history":[{"count":5,"href":"https:\/\/www.saza.si\/index.php\/wp-json\/wp\/v2\/pages\/115\/revisions"}],"predecessor-version":[{"id":486,"href":"https:\/\/www.saza.si\/index.php\/wp-json\/wp\/v2\/pages\/115\/revisions\/486"}],"wp:attachment":[{"href":"https:\/\/www.saza.si\/index.php\/wp-json\/wp\/v2\/media?parent=115"}],"curies":[{"name":"wp","href":"https:\/\/api.w.org\/{rel}","templated":true}]}}